ime?
True
Is 1373310493 a composite number?
True
Is 1538122265 prime?
False
Is 739528409 composite?
True
Is 60957278611 a prime number?
True
Is 257181497 a composite number?
True
Is 4412922047 composite?
True
Is 15322742231 a prime number?
True
Is 43550043539 composite?
True
Is 3546112679 a prime number?
False
Is 12747483101 a prime number?
True
Is 2556878759 composite?
False
Is 17337703333 a composite number?
True
Is 1317147823 composite?
False
Is 391861523 composite?
False
Is 100973609591 composite?
False
Is 251291843 composite?
True
Is 750508337 a prime number?
True
Is 5675652377 composite?
True
Is 17008582209 prime?
False
Is 416563489 composite?
True
Is 28332675431 composite?
False
Is 60733817 composite?
True
Is 80076299 composite?
True
Is 6776277427 composite?
True
Is 1240342447 composite?
False
Is 144762181159 a prime number?
True
Is 25483549551 a prime number?
False
Is 156881509 composite?
False
Is 94719670577 a composite number?
True
Is 133259019437 composite?
False
Is 11245998391 a composite number?
True
Is 647320147 a prime number?
False
Is 17325302317 a prime number?
True
Is 291334469 a prime number?
False
Is 19867741847 prime?
False
Is 1301478593 composite?
True
Is 2072621879 composite?
False
Is 10712498717 a prime number?
True
Is 176910523 composite?
False
Is 3511319753 prime?
True
Is 213581587 prime?
False
Is 32125469 composite?
True
Is 5628821221 a composite number?
False
Is 672467241 a composite number?
True
Is 841794937 a composite number?
True
Is 165947489 a prime number?
False
Is 742286646533 a prime number?
True
Is 6379729571 a prime number?
True
Is 74133312191 a composite number?
False
Is 7932759691 prime?
False
Is 2586900619 composite?
True
Is 819827455 a prime number?
False
Is 16777330481 a composite number?
True
Is 8268666617 a composite number?
False
Is 3173614258 composite?
True
Is 7668368809 composite?
True
Is 11766358661 a composite number?
False
Is 129526967 a prime number?
True
Is 8773991917 a prime number?
True
Is 393289291 a prime number?
True
Is 3119621501 a prime number?
False
Is 34496005189 composite?
False
Is 11396057059 composite?
False
Is 15943339807 prime?
True
Is 382062034 composite?
True
Is 10552651753 composite?
True
Is 1237409 composite?
True
Is 1839165641 prime?
False
Is 3396087211 composite?
True
Is 28585778719 a composite number?
False
Is 11469848017 a prime number?
False
Is 769553879 composite?
False
Is 11633632039 composite?
False
Is 4200801679 a composite number?
True
Is 5242707049 prime?
False
Is 405539903 a prime number?
True
Is 9621592033 composite?
False
Is 12376231297 prime?
True
Is 931594007 prime?
True
Is 11743705933 composite?
True
Is 3626557931 composite?
False
Is 463748419 composite?
False
Is 215724193 composite?
True
Is 325301689 a prime number?
False
Is 7024229423 a prime number?
False
Is 21287861833 a prime number?
False
Is 52336152343 prime?
True
Is 16479340343 a prime number?
True
Is 71514500209 prime?
True
Is 8133974582 a prime number?
False
Is 15177329319 a composite number?
True
Is 206162843 a composite number?
True
Is 32720682949 a prime number?
True
Is 66864701081 a prime number?
True
Is 14592756119 composite?
True
Is 131565563 a composite number?
False
Is 151421604206 a composite number?
True
Is 13966116217 prime?
True
Is 33085098041 composite?
True
Is 2220429277 a composite number?
True
Is 9672719377 a prime number?
True
Is 2777276261 composite?
True
Is 82454209 a prime number?
True
Is 2575898321 composite?
False
Is 1127659361 prime?
True
Is 33411138157 prime?
False
Is 433822327 a composite number?
False
Is 60602469119 a composite number?
False
Is 1002246499 a composite number?
True
Is 4562114759 composite?
False
Is 14432173529 a prime number?
True
Is 4680493139 prime?
False
Is 24323321647 prime?
True
Is 89283659 composite?
True
Is 2065466413 a prime number?
True
Is 196888631 composite?
False
Is 2132609003 a prime number?
False
Is 347577787367 composite?
True
Is 753500273 composite?
True
Is 702082789 prime?
True
Is 84947959 a prime number?
True
Is 15486250649 composite?
False
Is 546192151 a composite number?
False
Is 1753108453 a prime number?
True
Is 4254595643 prime?
True
Is 93758213093 composite?
False
Is 744187901 a composite number?
False
Is 103249280413 a composite number?
False
Is 5520946103 a composite number?
True
Is 1586258873 composite?
False
Is 5672027593 prime?
True
Is 2704451201 composite?
False
Is 20760027917 prime?
True
Is 341745013 prime?
True
Is 972278249 prime?
True
Is 18012963437 composite?
True
Is 185583287 a prime number?
True
Is 2064435707 prime?
True
Is 951328223 composite?
True
Is 45893148361 prime?
True
Is 25783473739 a composite number?
True
Is 295948247 a prime number?
False
Is 269617643653 prime?
True
Is 16409667811 a prime number?
True
Is 72786585413 a prime number?
True
Is 13009259773 prime?
False
Is 1813638691 a composite number?
True
Is 4923816091 composite?
True
Is 3385083577 a prime number?
True
Is 1280507057 a prime number?
False
Is 9617859649 a prime number?
True
Is 55258486291 a composite number?
False
Is 1999791763 a composite number?
False
Is 6007379513 composite?
False
Is 70739054227 a prime number?
True
Is 280979599 a prime number?
True
Is 464011206901 composite?
True
Is 56410991867 a composite number?
False
Is 76736145683 composite?
True
Is 2971355161 a prime number?
True
Is 1813015299 a composite number?
True
Is 1122355309 prime?
True
Is 1127979889 a composite number?
False
Is 1996333637 a composite number?
False
Is 6381149521 a prime number?
True
Is 4309581263 a prime number?
False
Is 6620436869 a composite number?
False
Is 11932925687 a composite number?
True
Is 6268500079 a prime number?
True
Is 144869977 a prime number?
False
Is 835732279 a prime number?
True
Is 5247759707 prime?
True
Is 596681863 a prime number?
False
Is 2797462559 a prime number?
False
Is 79136851 prime?
True
Is 10323538969 prime?
True
Is 30686010491 composite?
False
Is 3158639077 composite?
True
Is 64373039 a composite number?
False
Is 3018632459 a prime number?
True
Is 762059447 a composite number?
False
Is 767411159677 composite?
False
Is 5249501513 a composite number?
True
Is 16444330313 composite?
False
Is 681290711 prime?
False
Is 1668314971 a prime number?
True
Is 6760344629 composite?
True
Is 2425364969 a prime number?
False
Is 9936613669 a prime number?
False
Is 38656538497 a prime number?
False
Is 94154902405 prime?
False
Is 9269022061 a prime number?
False
Is 1777536221 prime?
True
Is 710510761 composite?
True
Is 20653478281 a prime number?
True
Is 93321906727 composite?
True
Is 605878741 a composite number?
True
Is 46332357863 a prime number?
False
Is 93278939 composite?
True
Is 91399143881 a composite number?
True
Is 377276587 a prime number?
False
Is 378322577 prime?
False
Is 18522137341 prime?
False
Is 18233086189 a composite number?
True
Is 25690621861 composite?
False
Is 6075858739 prime?
True
Is 166542882827 a composite number?
False
Is 6235955603 prime?
True
Is 31571810707 composite?
False
Is 2974148189 composite?
True
Is 2908943 prime?
False
Is 1044681839 composite?
False
Is 275213441 composite?
False
Is 220316380307 a prime number?
True
Is 214404349889 composite?
False
Is 5575611233 a prime number?
False
Is 111272127643 prime?
True
Is 996145919 a prime number?
False
Is 8309306539 a prime number?
True
Is 15164822773 a prime number?
False
Is 11527758001 prime?
False
Is 151177729 composite?
False
Is 6284272403 prime?
True
Is 14219394766 a prime number?
False
Is 291925393 a composite number?
False
Is 2243308861 prime?
True
Is 95654532877 composite?
False
Is 3770164051 a composite number?
True
Is 4106329349 a composite number?
False
Is 302628179 a composite number?
True
Is 37408001417 prime?
True
Is 102698627 a composite number?
False
Is 1715035243 composite?
True
Is 1770895757 a prime number?
True
Is 2726834567 a composite number?
False
Is 5438672167 prime?
False
Is 2690192159 a composite number?
True
Is 1244665621 a composite number?
True
Is 16014055999 prime?
True
Is 6847214137 prime?
False
Is 3964260943 composite?
False
Is 3045263729 prime?
False
Is 8128557791 composite?
False
Is 1326995723 prime?
True
Is 1667810681 prime?
False
Is 2576330585 prime?
False
Is 127186411 a prime number?
False
Is 2978840071 a prime number?
True
Is 223138